of 15693319?
3
What is the ten thousands digit of 465881?
6
What is the thousands digit of 1012652?
2
What is the millions digit of 1471546?
1
What is the hundred thousands digit of 3268926?
2
What is the tens digit of 5041403?
0
What is the tens digit of 213035?
3
What is the tens digit of 333863?
6
What is the tens digit of 243388?
8
What is the units digit of 16905?
5
What is the units digit of 9448050?
0
What is the hundreds digit of 1042376?
3
What is the ten thousands digit of 7873086?
7
What is the units digit of 966461?
1
What is the hundreds digit of 569856?
8
What is the units digit of 179682?
2
What is the hundreds digit of 4575?
5
What is the hundred thousands digit of 6033763?
0
What is the tens digit of 785067?
6
What is the hundreds digit of 557428?
4
What is the hundred thousands digit of 9105638?
1
What is the tens digit of 1142390?
9
What is the hundred thousands digit of 173334?
1
What is the ten thousands digit of 31424003?
2
What is the tens digit of 21696750?
5
What is the units digit of 615412?
2
What is the millions digit of 10977125?
0
What is the millions digit of 17245591?
7
What is the tens digit of 885168?
6
What is the hundred thousands digit of 115121?
1
What is the hundred thousands digit of 200532?
2
What is the thousands digit of 286474?
6
What is the thousands digit of 8420681?
0
What is the hundred thousands digit of 786710?
7
What is the thousands digit of 93702?
3
What is the thousands digit of 11326?
1
What is the millions digit of 16913216?
6
What is the ten millions digit of 26765214?
2
What is the ten thousands digit of 4594607?
9
What is the tens digit of 63377?
7
What is the tens digit of 480628?
2
What is the hundred thousands digit of 256213?
2
What is the units digit of 5384077?
7
What is the tens digit of 787359?
5
What is the hundred thousands digit of 152012?
1
What is the hundreds digit of 7521590?
5
What is the millions digit of 3223550?
3
What is the ten thousands digit of 232554?
3
What is the units digit of 13756641?
1
What is the ten thousands digit of 7101332?
0
What is the units digit of 82414?
4
What is the millions digit of 3745539?
3
What is the hundred thousands digit of 117165?
1
What is the tens digit of 35957201?
0
What is the ten thousands digit of 202105?
0
What is the thousands digit of 875469?
5
What is the ten thousands digit of 340732?
4
What is the thousands digit of 525945?
5
What is the thousands digit of 165499?
5
What is the hundred thousands digit of 2936612?
9
What is the ten thousands digit of 3189024?
8
What is the units digit of 15919728?
8
What is the hundred thousands digit of 323124?
3
What is the tens digit of 492029?
2
What is the hundred thousands digit of 1427948?
4
What is the units digit of 73367?
7
What is the units digit of 42172?
2
What is the tens digit of 1454723?
2
What is the ten thousands digit of 11011137?
1
What is the hundred thousands digit of 760543?
7
What is the hundreds digit of 4163500?
5
What is the tens digit of 13031624?
2
What is the thousands digit of 11394695?
4
What is the millions digit of 2308723?
2
What is the hundreds digit of 998220?
2
What is the hundreds digit of 913333?
3
What is the thousands digit of 521772?
1
What is the ten thousands digit of 126750?
2
What is the hundreds digit of 2055773?
7
What is the hundreds digit of 38710?
7
What is the hundreds digit of 9312140?
1
What is the units digit of 4851084?
4
What is the millions digit of 1085760?
1
What is the hundred thousands digit of 254640?
2
What is the thousands digit of 127331?
7
What is the units digit of 499580?
0
What is the ten thousands digit of 376937?
7
What is the ten thousands digit of 1138482?
3
What is the tens digit of 9408077?
7
What is the tens digit of 100974?
7
What is the units digit of 332828?
8
What is the hundreds digit of 3424829?
8
What is the tens digit of 26020780?
8
What is the hundred thousands digit of 927567?
9
What is the ten thousands digit of 1738611?
3
What is the hundred thousands digit of 217262?
2
What is the ten thousands digit of 2165097?
6
What is the hundreds digit of 60721?
7
What is the tens digit of 423233?
3
What is the thousands digit of 67733?
7
What is the units digit of 24898?
8
What is the hundred thousands digit of 1425212?
4
What is the hundred thousands digit of 1213280?
2
What is the units digit of 89898?
8
What is the hundred thousands digit of 1194488?
1
What is the hundreds digit of 3092443?
4
What is the millions digit of 1049189?
1
What is the thousands digit of 134295?
4
What is the hundreds digit of 15192709?
7
What is the tens digit of 11048?
4
What is the thousands digit of 114413?
4
What is the tens digit of 7436698?
9
What is the millions digit of 3568883?
3
What is the tens digit of 231573?
7
What is the ten thousands digit of 1359484?
5
What is the ten millions digit of 22707260?
2
What is the ten millions digit of 20847889?
2
What is the tens digit of 2575480?
8
What is the millions digit of 2292569?
2
What is the hundreds digit of 844202?
2
What is the hundred thousands digit of 16142909?
1
What is the tens digit of 7516636?
3
What is the hundred thousands digit of 438807?
4
What is the tens digit of 728504?
0
What is the hundreds digit of 3406273?
2
What is the units digit of 3426472?
2
What is the units digit of 13762416?
6
What is the ten thousands digit of 35245642?
4
What is the ten thousands digit of 1168673?
6
What is the millions digit of 2067126?
2
What is the units digit of 2522494?
4
What is the units digit of 6028?
8
What is the hundred thousands digit of 6898019?
8
What is the units digit of 880153?
3
What is the hundreds digit of 84779?
7
What is the hundred thousands digit of 266974?
2
What is the hundred thousands digit of 6802107?
8
What is the thousands digit of 360865?
0
What is the hundreds digit of 125241?
2
What is the ten thousands digit of 804954?
0
What is the thousands digit of 1202573?
2
What is the ten thousands digit of 727597?
2
What is the ten thousands digit of 203651?
0
What is the tens digit of 578226?
2
What is the hundreds digit of 10200284?
2
What is the thousands digit of 940708?
0
What is the ten thousands digit of 5675331?
7
What is the units digit of 77206?
6
What is the units digit of 800572?
2
What is the hundreds digit of 1627334?
3
What is the ten thousands digit of 3519164?
1
What is the tens digit of 175331?
3
What is the tens digit of 2533405?
0
What is the hundreds digit of 1172?
1
What is the ten thousands digit of 256892?
5
What is the thousands digit of 144840?
4
What is the hundred thousands digit of 2344962?
3
What is the thousands digit of 21342835?
2
What is the hundred thousands digit of 217993?
2
What is the tens digit of 4390984?
8
What is the millions digit of 7872249?
7
What is the units digit of 4520847?
7
What is the units digit of 2749745?
5
What is the thousands digit of 572341?
2
What is the ten thousands digit of 10825492?
2
What is the millions digit of 3023851?
3
What is the units digit of 66568?
8
What is the ten thousands digit of 113336?
1
What is the tens digit of 1386248?
4
What is the hundreds digit of 987296?
2
What is the tens digit of 1753884?
8
What is the hundred thousands digit of 385980?
3
What is the millions digit of 13082882?
3
What is the millions digit of 2183659?
2
What is the millions digit of 11927201?
1
What is the tens digit of 659309?
0
What is the millions digit of 16520556?
6
What is the units digit of 12112083?
3
What is the thousands digit of 175265?
5
What is the hundred thousands digit of 620158?
6
What is the units digit of 1591687?
7
What is the units digit of 243558?
8
What is the ten thousands digit of 422188?
2
What is the ten thousands digit of 3366102?
6
What is the units digit of 174309?
9
What is the hundred thousands digit of 486849?
4
What is the ten thousands digit of 1054967?
5
What is the ten thousands digit of 12348?
1
What is the hundred thousands digit of 249841?
2
What is the millions digit of 4574674?
4
What is the ten thousands digit of 136624?
3
What is the hundreds digit of 682007?
0
What is the millions digit of 12609483?
2
What is the millions digit of 2845106?
2
What is the ten millions digit of 18061715?
1
What is the hundreds digit of 32158569?
5
What is the hundred th